uppose -j = -5*y + 47. List the prime factors of y.
13
Let x(f) = -2*f**2 + 4*f. Let n be x(-6). Let a = 424 - n. Suppose 2*k + 6*k = a. What are the prime factors of k?
5, 13
Suppose 2*x - 1600 - 3056 = 0. What are the prime factors of x?
2, 3, 97
Let j be 4 + (-65)/15 + (-2492)/(-6). Let q = j + -284. What are the prime factors of q?
131
Let f = 104 - 144. Let d = f + 158. What are the prime factors of d?
2, 59
Let w(t) = t**2 + 19*t + 73. What are the prime factors of w(-39)?
853
Suppose -3*g + n = -2*n - 24, 2*g + 3*n - 26 = 0. Suppose -g*y + 8*y + 142 = 0. What are the prime factors of y?
71
Suppose 0 = 7*k - 5*k - 8, 3*k + 296 = 2*y. List the prime factors of y.
2, 7, 11
Let r(q) = 10 - 31*q + 5 - 21. What are the prime factors of r(-2)?
2, 7
Let w be ((-3)/2)/(6/(-100)). Suppose -30*r + w*r = -135. List the prime factors of r.
3
Let v(y) = 142*y**2 - 4*y - 4. Let t be v(-8). What are the prime factors of 1*(t/36 + 4/(-18))?
11, 23
Let m(z) = -4*z**3 - 15*z**2 - 14*z + 4. Let h(n) = n**3 + n**2 + n + 1. Let b(x) = -5*h(x) - m(x). List the prime factors of b(7).
3, 67
Let v be (12/5)/((-1)/(-5)). Suppose 9 + v = a. What are the prime factors of (36/a)/(2/21)?
2, 3
What are the prime factors of -33 + 887 + (-5 - 3)?
2, 3, 47
Let j be -2*(4 + -3) + 2. Suppose 5*r - 15 = 5*a, 3*a + j*r + 9 = -r. List the prime factors of 14 + (-1)/(a/(-6)).
2, 3
Let t be (-3)/12 - 260/(-16). Let q = 77 - t. List the prime factors of q.
61
Let d(o) be the first derivative of 11*o**5/60 + o**4/24 - 7*o**2/2 - 7. Let l(t) be the second derivative of d(t). What are the prime factors of l(1)?
2, 3
Let j = 232 - 207. List the prime factors of j.
5
Let m(z) = z**2 - 9*z + 6. Let r be m(9). Suppose w - r = 4*w. List the prime factors of (w + 22)*5/10.
2, 5
Suppose -44 = -4*m + 172. Suppose -5*f = -236 - m. List the prime factors of f.
2, 29
Suppose -2*k = -14 - 34. Let d = k + -21. Suppose -t = d*t - 2*u - 186, 0 = t - 5*u - 24. What are the prime factors of t?
7
Suppose 2*d - 8 = -d + v, -5*v = 2*d - 28. Let y(w) = w**2 + 1 + 13 + 4*w - 3 + d. List the prime factors of y(-8).
47
Let v(g) = -g**3 + 7*g**2 - 9*g - 10. What are the prime factors of v(-5)?
5, 67
Let c(l) = -l + 3. Let j be c(5). What are the prime factors of ((-30)/(-10))/(j/(-44))?
2, 3, 11
Let q(z) = z + 1. Let v be q(-1). Suppose 0*r - 2*r = v. What are the prime factors of ((-15)/(r - -3))/(-1)?
5
Let q(c) be the second derivative of -c**4/12 + c**3 - c**2 - 3*c. Let v be q(6). What are the prime factors of 5/(-3*v/30)?
5
Let b(s) = -3*s**3 - 5*s**2 - 3*s + 3. Let g be b(-3). Let k(q) = q + 19. Let o be k(-12). Suppose -g = -o*y + 3*y. What are the prime factors of y?
2, 3
What are the prime factors of (-2549)/(-7) - (-36)/42?
5, 73
Let x(s) = 3*s - 2. Let v(g) = g**3 - 5*g**2 + 2*g + 1. Let p be v(3). Let m(l) = -l + 1. Let w(n) = p*m(n) - 4*x(n). List the prime factors of w(-6).
3
Suppose -4*x + 2*m + 54 = 0, 17 = 3*x + 3*m - 1. Suppose 9 = -5*a - 3*b, -a + 4*a = b - x. What are the prime factors of (2/6)/(a/(-36))?
2
Let q = 8650 + -4065. What are the prime factors of q?
5, 7, 131
Let r(g) = 17*g + 1. Let n be r(-2). Let j = n - -97. What are the prime factors of j?
2
Suppose -a - a + p - 44 = 0, 2*a - 4*p + 38 = 0. Let x(b) = b**2 + 20*b - 9. What are the prime factors of x(a)?
2, 3, 5
Suppose -2*j + 1804 = -4*h, -5*h - 4*j - 402 = 1853. What are the prime factors of (-2 + (-20)/(-8))*(-5 - h)?
223
Let q(r) = -34*r - 11. Let j be q(-4). Suppose -6*p + j = -145. List the prime factors of p.
3, 5
Let x = -27 - -32. Suppose x*r - 382 = 73. List the prime factors of r.
7, 13
Let k(q) = 76*q - 56. List the prime factors of k(11).
2, 3, 5, 13
Let x(k) = -k**2 - 13*k - 12. Let d be x(-11). Let g be (-1 + 0 - 0)*-20. List the prime factors of 332/g - (-4)/d.
17
Let y = 208 - 15. Let u = -138 + y. What are the prime factors of u?
5, 11
Let f(l) = -l**3 - 2*l**2 + 650. What are the prime factors of f(0)?
2, 5, 13
Let q be ((-5)/3)/(20/(-60)). List the prime factors of 47*2 - (q + -2).
7, 13
Let m be (-8 - -5)/((-3)/4). Suppose z = -y - 4*z - 16, -m = 2*y + 3*z. Let s(n) = 6*n + 15. What are the prime factors of s(y)?
3, 13
Suppose 10*m - 11*m + 6 = 0. Suppose -2*i = -0*h + 2*h - 206, 0 = -2*i + m. List the prime factors of h.
2, 5
Suppose -1162 = -4*u + 5*d - 3*d, -1182 = -4*u - 2*d. Let w = u + -171. List the prime factors of w.
2, 61
Let m be (-36)/(-7 + 4)*(-2)/(-3). Suppose 0 = m*d - 4*d - 128. What are the prime factors of d?
2
Let a = -206 - -296. Suppose -2*g - g = 2*y - 38, -y = 5*g - 26. What are the prime factors of a/4 - (-8)/y?
23
Let s(r) = -13*r**2 + 6*r**2 + 1 + 21*r**2 + 2*r + 19*r**2. Let t be s(-1). Let a = t - 8. List the prime factors of a.
2, 3
List the prime factors of (-6)/(-9)*-9*5245/(-30).
1049
What are the prime factors of ((-8398)/(-52))/(1/2)?
17, 19
What are the prime factors of 45312/(-531)*(-69 + 0)?
2, 23
Let v = 501 + -346. What are the prime factors of v?
5, 31
Let k be 4/44 - 133/11. Suppose 3*r = 5*d + 31, 5*r - 1 = 2*d - 0. What are the prime factors of (-3 + (-20)/d)*k?
2, 3
Let f = 3 - -1. Let t be 55/1 + f/2. Suppose -t - 33 = -2*c. What are the prime factors of c?
3, 5
Suppose r - 3*r - 36 = -2*u, 4*r + 55 = 3*u. Suppose -8*k - u = 175. Let f = 35 - k. What are the prime factors of f?
59
Let u be (3 + -2)/((-1)/(-5)). Suppose 3*w = -u*w + 1304. What are the prime factors of w?
163
Let d(a) = 2*a + 17. Let o be d(-7). Suppose o*p - t = 78, -3*p - 3*t - 34 = -4*p. List the prime factors of p.
5
Suppose -n - 17 = -3*w + 20, 4*w = 4*n + 52. Suppose -3*l = -w - 3. Suppose 2*d = -4, -l*r + 4*d - 4 = -127. What are the prime factors of r?
23
Suppose 0 = -2*n - u - 3, 0 = 4*n - 3*u - 9. Suppose n = 5*i + 23 - 178. What are the prime factors of i?
31
Suppose 3*s + 3*z - 1914 = 0, -7*s = -2*s - 5*z - 3140. List the prime factors of s.
3, 211
Let i(h) be the third derivative of h**5/30 + 11*h**4/24 + 14*h**3/3 + 26*h**2. List the prime factors of i(-9).
7, 13
Let b(o) = -63*o**3 + 19*o**2 + 67*o + 2. What are the prime factors of b(-3)?
7, 239
Let a be (6/15)/(4/40). Let o = -11 + a. What are the prime factors of (36/21)/((-1)/o)?
2, 3
Let k(x) = -3 + 2 - 32*x + 16*x + 12*x. Let b = -2 + -6. List the prime factors of k(b).
31
Suppose -3*k = -2*u - 6, 4*k - 6 = 2*u + 4. Suppose 3 = -r, -5*r - 17 - 4 = -u*g. Suppose -g*d + 36 = 4*h, 5*d = 2*d + 6. List the prime factors of h.
2
Suppose 0 = -3*r - 0*s + 2*s + 1516, -r - 5*s = -528. Let j = -337 + r. List the prime factors of j.
3, 19
Let i(v) = 137*v + 28. What are the prime factors of i(5)?
23, 31
Let v be 2 - 1*(4 + -6). Suppose v*m = -4 - 12. What are the prime factors of 1 + 80 - (-12)/m?
2, 3, 13
Let l(p) = -p**3 - 9*p**2 - 13*p - 52. What are the prime factors of l(-10)?
2, 89
Let d be (3/(9/(-2)))/((-62)/465). Suppose d*v + 510 = 7*v. What are the prime factors of v?
3, 5, 17
Let v = -1931 + 2912. List the prime factors of v.
3, 109
Suppose -3*p - 1401 = -3*o + 225, 2*o - 1087 = -p. List the prime factors of o.
3, 181
Suppose b - 35 = -42. Suppose 4*f + f - 121 = 3*g, -3*f - 4*g = -61. Let t = f + b. What are the prime factors of t?
2
Let p(g) = 14*g + 15. Let y(c) = -9*c - 10. Let x(h) = 5*p(h) + 8*y(h). List the prime factors of x(-13).
3, 7
Suppose -2*g - 170 + 46 = u, 2*g = -5*u - 604. Let d = u - -157. What are the prime factors of d?
37
Suppose -5*o - 5*f + 9269 = 2234, 4*f + 2802 = 2*o. List the prime factors of o.
5, 281
Let u(v) = 2*v - 17. Let k be u(10). Suppose 0 = k*p - 191 - 91. List the prime factors of p.
2, 47
Suppose -2*k = 3*k + 5*h - 35, -5*h = -4*k + 10. What are the prime factors of 1332/10 - k/25?
7, 19
Let n be 1/(-5) - 2/(-10). Suppose n*x + k - 5 = -x, k - 7 = -2*x. Suppose -135 = -s - x*s. List the prime factors of s.
3, 5
Let g(b) = -27*b. Let x be g(-4). Let f = -108 + 172. Let m = x - f. What are the prime factors of m?
2, 11
Suppose -4*o - 41 = -3*a, 0 = 4*a - o + 10 - 43. List the prime factors of (12/a)/((-32)/(-336)).
2, 3
Let a be -8 - ((-4)/(-2) - 5). What are the prime factors of ((-69)/18)/(a/30)?
23
List the prime factors of 3/(-9)*1 + (-4165)/(-21).
2, 3, 11
Let t be (3 - 0) + 25 - 2. Suppose 9 = 5*x - t. What are the prime factors of x?
7
Suppose -4*u + q + 17 = -0*q, -u - 7